37*q + 28. Calculate i(l).
33
Let r(y) = -6*y. Let q(z) = z**2 - z - 1. Let s be q(-1). What is r(s)?
-6
Let v(a) = 41*a. Let b(s) = 226*s. Let n(w) = -4*b(w) + 22*v(w). Let d(j) = -j**2 - j. Let z be d(-3). Determine n(z).
12
Let k = 371 - 369. Let o(c) = 3*c**3 + 2*c**2 - 4*c + 2. Give o(k).
26
Let n(z) be the second derivative of z**6/360 + z**5/120 + 4*z**4/3 + 2*z. Let d(m) be the third derivative of n(m). Determine d(-1).
-1
Let s(c) be the third derivative of 1/120*c**6 + 0*c + 0 + 0*c**5 - 5/6*c**3 + 0*c**4 + 4*c**2. What is s(0)?
-5
Let b(l) = -l**3 - 3*l**2 + 5*l + 10. Suppose 8 - 1 = -4*o + 3*m, 28 = -4*o - 4*m. Calculate b(o).
6
Let r(j) = j**2 - 1. Let y = 8 - 2. Let q = y - 0. Let i(u) = u**2 - 6*u - 3. Let k be i(q). Calculate r(k).
8
Suppose 26 + 24 = 50*z. Let v(r) = -r**3 + r. Calculate v(z).
0
Let x(n) = n**2 + 7*n - 9. Let d = -107 - -38. Let q be 20/(-6) + 3 - d/(-9). What is x(q)?
-1
Let f(k) = 2*k + 7. Let m be (-14)/(-84) - (-329)/6. Suppose -11*x = 22 + m. What is f(x)?
-7
Let s(q) be the second derivative of q**5/20 + 11*q**4/12 + q**3/3 + 12*q**2 - 2*q + 164. What is s(-11)?
2
Let l(h) = -h**3 - 2*h**2 - 2*h - 2. Let t = 11 + -13. Let x be l(t). Suppose 7 = -x*y + 19. Let r(n) = -n + 12. Give r(y).
6
Let n(b) be the second derivative of b**7/1260 + b**6/180 - b**5/30 + 10*b**4/3 + 31*b. Let i(d) be the third derivative of n(d). Calculate i(-5).
26
Let g(y) = -5*y**3 + 5*y**2 - 10*y + 32. Let i(c) = 6*c**3 - 6*c**2 + 12*c - 35. Let b(q) = 7*g(q) + 6*i(q). Give b(0).
14
Let j(l) = -l - 4. Let m be j(-8). Suppose t - m = 3*f, -4*t - 2*f = -6*f. Let g(b) = b + 2. What is g(t)?
0
Let p(c) = 3*c**3 - 26 + 29 - 2*c**3 + 3*c**2 - 7*c**2. Determine p(4).
3
Let l(n) = -n**2 - 5*n + 7. Let x = -23 - -39. Let y be 1 + x*(12/8)/(-3). Determine l(y).
-7
Let t(f) = 0*f**3 + 7*f**3 - 6*f**3 - 3 - 5*f. What is t(-2)?
-1
Let p(j) be the third derivative of 1/8*j**4 + 0 + 0*j - 1/30*j**5 + 16*j**2 - 1/2*j**3. What is p(3)?
-12
Let y(m) = -m**2 - m - 10. Let d(t) = -5*t**2 - 9*t - 49. Let o(r) = -2*d(r) + 11*y(r). Give o(6).
-6
Let f(h) = 14*h**2 + 1. Let m(a) = 2*a - 3. Let q be m(2). Give f(q).
15
Let w be -1*2 - (-1 + -4). Suppose -w*s - 18 = -0*s. Let b be 1 - (1 + s/3). Let t(y) = y**2 - y. Give t(b).
2
Let s(a) = -a**2 - a + 1. Let u(v) = -2*v**2 - 11*v + 1. Let r(p) = s(p) - u(p). Let z(m) = -m. Let w(g) = -r(g) - 5*z(g). Calculate w(-7).
-14
Let s(q) = -q**3 - 12*q**2 - 6*q + 7. Let k be s(-11). Let u = 81 + k. Suppose -2*c - 5*j = -13, -3*c - 3*j - u = -6*j. Let h(m) = m**2 + 5*m - 3. What is h(c)?
3
Suppose -47 = 4*a - 35. Let q be (2/a)/(1/(-9)*-3). Let j(u) = u**3 + 2*u**2 - 2. What is j(q)?
-2
Let w(b) = -2*b + 3. Let c be 1*2/2 - 2. Let g(h) = -7*h - 2. Let n be g(c). Suppose y + n*y - 18 = 0. What is w(y)?
-3
Let z be 8/80*-5*-6. Let t(u) be the third derivative of 7/24*u**4 - 7*u**2 + 0*u + 0 - 1/120*u**6 - 3/2*u**z + 1/12*u**5. Calculate t(6).
-3
Let w = -27 + 38. Let t(b) = -2*b + 10*b + b**2 + w - 2. Let x(k) = -k**3 + 7*k**2 - 2*k + 8. Let q be x(7). What is t(q)?
-3
Let i(t) = 2*t + 7. Let f = 17 - 9. Let o be (-102)/27 - f/36. Let v be i(o). Let q(h) = -2*h**2 - 1. Calculate q(v).
-3
Let d(h) = 6*h - 93. Let z(q) = q**3 + 14*q**2 - 4*q + 180. Let k be z(-15). Determine d(k).
-3
Let d(j) = -8 - 1001*j + j**2 + 995*j + 0*j**2. Calculate d(8).
8
Let z(q) = 2*q**2 - 1. Let j(f) = -9*f**2 + 10*f + 8. Let g(k) = j(k) + 4*z(k). Give g(8).
20
Let a(s) = 513 - 2*s**2 - s**2 + 0*s**2 - 508 + 7*s + 2*s**2. What is a(8)?
-3
Let t be 57/9 + 2 + 5/(-15). Let a(u) = -t*u + 5 + 5*u + 1 + u. What is a(6)?
-6
Let v(g) = -6*g + 0 + 6*g**2 - 1912*g**3 + 6 + 1913*g**3. What is v(-7)?
-1
Let m = -511 + 517. Let l(p) = -p**3 + 6*p**2 - p + 3. Calculate l(m).
-3
Let h(v) = -8*v. Let o be (-15)/(-13) - 46/299. Let k(g) be the first derivative of g**3/3 + g**2/2 - g + 1. Let q be k(o). Calculate h(q).
-8
Let a(y) = -7*y**2 - 2*y**2 - 2*y**2 + 13*y**2 + 11*y - 9 - 3*y**2. Let u be ((-6)/4)/((-6)/28). Determine a(u).
19
Let m(v) = -4*v - 4*v**2 + 2 + 5*v**2 - 3*v**2 + 3*v**2. Let a be 5*(-2*2 - (-138)/30). Give m(a).
-1
Let x(w) = -51*w**3 - 13*w**2 - 9*w - 6. Let v(h) = 32*h**3 + 9*h**2 + 6*h + 4. Let t(r) = 8*v(r) + 5*x(r). Give t(-7).
-19
Let c(y) = -20*y + 5*y + 4 + 8*y + 6*y. Let h be 1/((-4)/(-6))*-2. What is c(h)?
7
Let p(q) be the first derivative of q**2/2 + 12*q + 1. Suppose 0 = 24*g + 1 + 215. Give p(g).
3
Suppose 3*m + 2 = 2*l, 6*m + l = 2*m - 21. Let c(k) be the third derivative of -k**6/120 - k**5/30 + k**4/6 - k**3/6 - 16*k**2. What is c(m)?
15
Let j(x) be the first derivative of x**2/2 - 4*x + 74. Let o be (-18)/(-27)*(-18)/(-4). Calculate j(o).
-1
Suppose 2*s + 6 = -s + 3*g, 3*g - 18 = -3*s. Let q(c) = -3*c**s + 8*c + 4*c - 1 - 10*c. Calculate q(2).
-9
Let k(h) = 3*h**2 + 4*h - 7. Let s(x) = 2*x**2 + 5*x - 6. Let g = 5 + -9. Let p(j) = g*s(j) + 3*k(j). Give p(6).
-9
Let p(y) = 4*y + 3. Let q(g) = -21*g - 16. Let l(n) = 22*p(n) + 4*q(n). Suppose 14*i + 18 = 20*i. Let f(o) = o + 1. Let m(x) = i*f(x) - l(x). Determine m(-1).
2
Let m(k) = -k**3 - 6*k**2 + k + 3. Suppose -p + 0 = 6. Calculate m(p).
-3
Let n(h) = -h**2 - 3 - 4*h - 2*h + 6. Let y be n(-6). Let f(j) = -y*j + 3 + 3 - 1 - 2*j**2 - 1. Determine f(-3).
-5
Suppose 5*n = 4*n + 7. Let b(p) = 8 - 7*p**3 + 2*p + 8*p**3 + 6*p**2 - n*p. Determine b(-7).
-6
Suppose -5*d = -4*d - 13. Suppose -2*x - 2*x + 24 = -2*y, y = -3*x + d. Let o(c) = -2*c + 6. Give o(x).
-4
Suppose 4*z - 12 = -3*k + z, 2 = 2*k + 4*z. Let p = 14 + -9. Let u(v) = p*v + 10*v - 17*v + 5. Determine u(k).
-9
Let s(i) be the second derivative of i**3/6 + 7*i**2/2 - 782*i. Let c(w) = -w**3 - 3*w**2 + 2*w - 1. Let u be c(-3). Calculate s(u).
0
Let y(a) = -3*a + 30. Let g be y(12). Let l(m) be the first derivative of 3*m - m**2 - 2 + 0 - 6*m - 3*m. Give l(g).
6
Let f(s) = s**2 + 6*s - 8. Let t(v) = -26*v + 158. Let c be t(6). Suppose 0*z = 3*z + 24. Let o = c + z. Calculate f(o).
-8
Suppose j = -5 + 3. Let w(v) = 5*v**2 - v**3 - 1 + 2*v - 5*v**3 + 5*v**3 - 6*v**2. What is w(j)?
-1
Let y(t) = -4*t - 19. Let n(d) = 5*d + 15. Let a(w) = -3*n(w) - 2*y(w). Calculate a(-6).
35
Let m be 9/(-6)*(-8)/6. Let b(i) be the first derivative of -1/3*i**3 + i - 1/2*i**2 - 4. Determine b(m).
-5
Suppose -3*a = -2*a. Suppose a*m + 24 = 6*m. Suppose l + 3*l = 2*u + m, -u - 5*l = 16. Let r(x) = -x**2 - 4*x + 6. Determine r(u).
-6
Let c(n) be the first derivative of -n**4/4 + 5*n**3/3 + 5*n**2/2 + 3*n - 86. Determine c(5).
28
Let t be -3*(42/(-9) + 1). Suppose -3*a - t = -8. Let o(u) = 11*u - 3. Let f(m) = 4*m - 1. Let y(g) = 8*f(g) - 3*o(g). Calculate y(a).
2
Suppose -2*f - 5 = 3*f. Let t(g) be the third derivative of g**5/20 - g**4/12 - g**3/6 + 39*g**2. Let i(r) = -r**2. Let q(b) = -4*i(b) - t(b). Determine q(f).
0
Let g(s) = -s**3 + 2*s**3 + 4 - 4*s**2 + 0. Let i(n) = 16*n**3 - n + 1. Let d be i(1). Let r = -12 + d. What is g(r)?
4
Let i = 452 + -459. Let z(y) = -y**2 - 4*y + 22. What is z(i)?
1
Suppose 1 - 13 = 4*y. Let g(b) = -3*b**3 + b**2 - 9*b - 9. Let h(k) = -k**2 - 4 + 2*k**2 - 3*k**3 - 4*k + 2*k**3. Let u(j) = 2*g(j) - 5*h(j). Determine u(y).
-4
Let h(g) = g**3 + 7*g**2 + 8*g + 5. Suppose 45 = -3*r + 9. Let p be (84/(-35))/(2/15 - 0). Let w = p - r. Determine h(w).
-7
Let x(b) = -b - 7. Suppose -2*r - 5*u - 53 = -70, 5*r = u - 25. Determine x(r).
-3
Suppose 0*c = -5*c + 20. Let z(j) be the first derivative of 4/3*j**3 + 6*j - 1/4*j**4 - 14 - j**2. What is z(c)?
-2
Suppose 5*l = -29 + 9. Let j(o) = 7*o - 10. Let f(d) = -20*d + 28. Let x(r) = 6*f(r) + 17*j(r). What is x(l)?
2
Suppose 62*l = -19*l - 324. Let p(g) = 3*g + 13. What is p(l)?
1
Let v(u) = u**3 - 7*u**2 - 7*u - 11. Let c be v(8). Let r = -18 - -24. Let g(k) = -16*k + 11. Let x(t) = 3*t - 2. Let d(j) = r*g(j) + 33*x(j). Calculate d(c).
-9
Let m(s) = -s**3 - 13*s**2 - 12*s + 16. Let y = 68 - 80. Calculate m(y).
16
Let o(d) be the second derivative of d**3/3 - 2*d**2 + 11*d - 3. Calculate o(-5).
-14
Suppose 162 = -5*p + 14*p. Suppose v = -2, p = -5*d - 2*v + 3*v. Let z(i) = -i**2 - 8*i + 1. Calculate z(d).
17
Let v(w) = w**2 - 5*w + 4. Suppose 22*j - 3*j = 11*j. Determine v(j).
4
Suppose -20 = -5*g + 2*w, 0*g = g - 4*w - 22. Suppose 0 = -g*q - 5 - 3. Let i(b) be the